ose -n + 0*s = -s + 3, -2*s + j = -4*n. Let y(a) = 5*a**2 - 2*a - 1. Give y(n).
6
Let k = 0 + -7. Let j = 11 + k. Let i(h) = 3*h + 3 + 15*h**3 - h**2 - j - 14*h**3. Determine i(2).
9
Let q(z) = -z + 4. Suppose 0*v - 4*v = 0. Let o be q(v). Let a(b) = -b - 4. Calculate a(o).
-8
Let a(y) be the third derivative of y**5/60 + y**4/6 - y**3/3 - y**2. Suppose 39 = -r + 35. Give a(r).
-2
Let h(m) = 3 - 2 - 50*m**2 + 52*m**2 + 2*m - 3. Calculate h(-3).
10
Let m(k) = 2*k - 2. Suppose 23*l + 8 = 21*l. Give m(l).
-10
Let i(q) = -2*q. Let k(w) = 3*w. Let j = 0 + -3. Let c = 0 + j. Let z(r) = c*k(r) - 5*i(r). Determine z(5).
5
Suppose -69 = 11*m - 3. Let t(o) = o + 5. Calculate t(m).
-1
Let u(q) be the second derivative of -q**3/6 + 4*q**2 + 42*q. Calculate u(0).
8
Let i be (2 - 1)/(4/20). Let y(j) = -6*j + 0*j**2 + 3 + i*j - 5*j + j**2. Give y(4).
-5
Suppose -5*s - 9 - 28 = 3*l, l - 5*s - 21 = 0. Let p(b) be the second derivative of b**4/12 + 2*b**3/3 + 2*b**2 - 7*b. Give p(l).
4
Let l = 44 - 41. Let v(o) = 7*o - 3. What is v(l)?
18
Suppose -2*z = 2*z. Let d(f) = f + 7. Let x be d(-5). Let o(r) = -3*r + 4*r + r**x + 3 + 3. Give o(z).
6
Let o(d) = -d**2 - 5*d - 1. Let t be o(-5). Suppose 0 = -2*x + x + 2. Let k(a) = -a**2 + a**x + 3*a**2. Determine k(t).
3
Let d(t) = 4*t. Let v(s) = s**2 - 5*s + 2. Let z be v(4). Give d(z).
-8
Let c = 6 - 7. Let r(s) = 6*s**2 - 2. Let y(k) = k - 1. Let i(x) = r(x) - y(x). Calculate i(c).
6
Let w(p) be the first derivative of p**4/12 + 5*p**2/2 - 6*p - 7. Let d(o) be the first derivative of w(o). Calculate d(0).
5
Let d(f) = -3*f - 3. Let w be d(-5). Suppose -4*a = -w, 5*x = 5*a - 12 - 8. Let v(s) = -5*s**2. Determine v(x).
-5
Let q(v) = -14*v + 11. Let w(g) = -5*g + 4. Let p = 9 - 6. Let x(s) = p*q(s) - 8*w(s). What is x(-3)?
7
Let a(o) = 5*o - 1. Let l be 0 + (-2 - -7) - -1. Let p = -5 + l. Let j be p/4 + 12/16. Calculate a(j).
4
Suppose 11 + 9 = 4*c + 5*w, 20 = 2*c + 5*w. Let z(i) = -4 + 1 - 2*i + c + i**2. Let x(u) = 2*u**2 + u. Let m be x(1). Calculate z(m).
0
Let s(v) = -2*v - 3 - 4*v + 9*v. Determine s(3).
6
Suppose 3*d + 4 = -11. Let z be 1*1/2*4. Let o(f) = f**3 + f + 0*f**2 - z*f**2 - 2 + 7*f**2. Calculate o(d).
-7
Let i(t) = 7*t**3 - t - 1. Let d(w) = 4*w**2 - 2*w - 1. Let n be d(-1). Suppose -n*p = -4*p + 1. Give i(p).
-7
Let r(f) be the third derivative of f**6/120 + f**5/20 - f**4/8 - 2*f**3/3 + 5*f**2. Give r(-3).
5
Let o(h) = 7 + 25*h - 3*h**2 - h**2 + 11*h**2 - 19*h + h**3. Give o(-6).
7
Let y(p) = 4*p + 12 - 4 - 6*p**2 - p**3 + 3*p. Let m(l) = l**3 - 3*l**2 - 31*l + 14. Let r be m(7). What is y(r)?
8
Let m(j) = -2*j + 0*j**2 - 3*j + 4*j**2 + 4 - 3*j**2. Determine m(5).
4
Let y = 5 - 7. Let g(q) = -2*q**2 + 11*q + 11. Let p(n) = n**2 - 5*n - 5. Let k(l) = 4*g(l) + 9*p(l). Give k(y).
5
Let a(n) be the third derivative of n**4/24 - n**3/6 + 2*n**2. Let k be 7 + -2 + 4/(-2). Give a(k).
2
Let n(k) be the first derivative of -5/3*k**3 - 1/4*k**4 + k**2 + 6 + 2*k. Give n(-5).
-8
Suppose 7*x - 2*x - 10 = 0. Let i(a) = 1 + 2 + 4*a - a**3 - a + x*a**2 + 0. Suppose -3*y = 5*v - 12, 2*v - 2 = -5*y + y. Determine i(v).
3
Let k(l) = -l**2 + 3*l + 1. Let c(r) = -4 + 4 - r**3 + 2*r - 2*r**2. Let x(w) = w + 2. Let t be x(-5). Let q be c(t). Calculate k(q).
1
Let d(t) = t**3. Let o(i) = 11*i**3 + i**2 + i - 1. Let r(v) = -5*d(v) + o(v). Give r(1).
7
Let o = -2 + 7. Suppose -2*v - 4*n = 14, 3*n - o*n + 5 = -3*v. Let h(p) = -p**3 - 2*p**2 + 3*p + 3. Give h(v).
3
Let n(v) = 3*v**2 - 1. Let b be n(1). Let x(d) = 1 - 2*d + 3*d - 3*d**2 + b*d**2 - 3*d. Determine x(2).
-7
Let u(n) = -13*n**3 + 15*n**2 + 5*n + 2. Let p(m) = 7*m**3 - 8*m**2 - 3*m - 1. Let i(k) = -11*p(k) - 6*u(k). Calculate i(2).
5
Let z = 9 - 3. Let c(h) = -h**2 + 8*h - 9. Determine c(z).
3
Suppose -3*s = 2*s - 25. Let t(m) = -4*m**2 + 4. Let y(r) = 3*r**2 + r - 3. Let z(w) = s*y(w) + 4*t(w). Let o = 0 + 6. Determine z(o).
-5
Let b(s) = -s - 4. Suppose -13*l = -53 + 1. Determine b(l).
-8
Suppose -5*n = -g + 6*g - 20, -5*n - 20 = -5*g. Suppose -3*a + a = 0. Let m(x) = a*x + 3*x - x. Calculate m(g).
8
Suppose 0 = -7*o + 11*o - 28. Let n(p) = -8 + 0*p**2 - 4*p**2 - p**3 + 10 + o*p. Suppose -23 + 8 = 3*k. Determine n(k).
-8
Let s(w) be the first derivative of -w**4/4 - 5*w**3/3 - w**2/2 + 4*w - 5. Give s(-5).
9
Let j be 2/(-14) - (-102)/(-21). Let y(z) = -z - 3. Give y(j).
2
Let c = -15 + 25. Let g = c + -7. Let k(o) = 2*o - 1. Calculate k(g).
5
Let d(l) = 2*l**3 + 3*l**2 + 3*l + 3. Let j(v) = -2*v**2 - 3*v. Let s be j(-2). What is d(s)?
-7
Suppose -5*y - l + 14 = -11, 0 = -l - 5. Let z(s) = -s**3 + 7*s**2 - 7*s + 5. Calculate z(y).
-1
Let j(s) = 2*s**2 + 8*s - 25. Let o(v) be the first derivative of -v**3/3 - 2*v**2 + 13*v - 6. Let c(k) = -6*j(k) - 11*o(k). Calculate c(-5).
2
Let y(k) = k**2 + 2*k - 4. Let j(b) = -b + 3. Let p be j(6). Calculate y(p).
-1
Let j(a) = a**2 - a + 5. Let g(f) = 10*f**2 + 6*f + 10. Let k(w) = 3*w**2 + 2*w + 3. Let q(y) = 2*g(y) - 7*k(y). Let b be q(-1). Calculate j(b).
5
Let m(i) = 8*i**2 + 5*i + 5. Let h(a) = -23*a**2 - 14*a - 14. Let v(s) = -6*h(s) - 17*m(s). Give v(2).
5
Suppose -6 = 5*b - 4*w, 4*b = -2*w + 14 + 2. Let l(t) = -2 + 0*t + 1 + b*t + t. What is l(-2)?
-7
Let j(f) = -8*f**2 - 2 - f - 3*f**2 + 3. Suppose p - 4*p = -3. What is j(p)?
-11
Let i(h) be the first derivative of -h**2/2 + 17*h - 25. Calculate i(0).
17
Let b be ((-75)/(-135))/(2/(36/2)). Let x(p) be the third derivative of p**4/12 - 7*p**3/6 + p**2. Give x(b).
3
Let c be (2/6)/(7/42). Suppose 0 = -2*m - 3*u + 2 + 3, c*m - 4 = -2*u. Let l(d) = -4*d + 1. Calculate l(m).
-3
Let i(v) = v**3 - 4. Suppose -2*k - 5*z = -25, 0 = 3*z - 0*z - 15. Calculate i(k).
-4
Suppose -8 - 37 = -5*y. Suppose -5*n - y = 1. Let g(a) be the third derivative of -a**6/120 - a**5/30 + a**4/24 + a**3/3 - 69*a**2. Give g(n).
0
Let g(d) = -1 + 0 + d - 1. Let r be 2 + -1 + (5 - 10). Calculate g(r).
-6
Let l(u) = -3*u**2 + 18. Let f(d) = 5*d**2 - 18. Let w(y) = 2*f(y) + 3*l(y). Suppose -2*k + c - 5*c = -16, -5*k - 4*c + 16 = 0. Give w(k).
18
Let r(d) = -d + 1. Let w(f) = -4*f - 3. Let l(z) = 3*z + 3. Let p(n) = -3*l(n) - 4*w(n). Let j(u) = -p(u) + 2*r(u). Determine j(1).
-10
Let r be 21/(-6) - 1/2. Let t be (-3)/(6/r) + 0. Let k be 1/t*(-2 + -8). Let j(m) = -m**2 - 3*m + 4. What is j(k)?
-6
Suppose 5*a = 19 + 56. Let h = a + -17. Let i(z) = -z**2 - 5*z - 1. What is i(h)?
5
Let i be 1/(27/(-15) + 2). Suppose 0 = -c + 4*c + 3*r, c = -2*r - 2. Let z(u) = u**c + 0*u - 6*u + 2 + u. Calculate z(i).
2
Let y(l) = 8*l + 3. Let w(z) = -z - 1. Suppose 5*t + t + 12 = 0. Let b(c) = t*w(c) - y(c). Suppose 3*k + 0*k - 6 = 0. What is b(k)?
-13
Let r(z) = z**3 + z**2 - z - 5. Let t = -1 + 0. Let a = -1 - t. Determine r(a).
-5
Let r(y) = -2*y + 9 + 0*y**3 - 6*y**2 + y**3 + 0*y**2. Determine r(6).
-3
Let l(n) = -9*n. Let s(j) = -j**2 - 2*j + 3. Let h be s(-4). Let k = 1 + h. Let q = k + 5. Determine l(q).
-9
Let r(v) be the second derivative of v**5/60 - 5*v**4/24 + 2*v**3/3 - 4*v**2 + v. Let q(w) be the first derivative of r(w). Give q(5).
4
Let f(v) = 4*v + 2. Let r be f(-2). Let c(d) = 31*d**2 - 6 + 32*d**2 + 4*d - 62*d**2. Determine c(r).
6
Let d = -29 + 31. Let j(a) = -a + 3. Give j(d).
1
Let s(t) = 1. Let c(w) = -9*w + 3. Let k(l) = 19*l - 6. Let p(q) = -7*c(q) - 3*k(q). Let f(i) = -p(i) - 6*s(i). Calculate f(-3).
15
Let h(l) = -14*l - 5. Suppose 3*b - 65 = 8*b. Let t(n) = 29*n + 11. Let g(k) = b*h(k) - 6*t(k). Give g(1).
7
Let u be (-204)/(-26) - 6/(-39). Suppose -u*g + 11*g = -6. Let y(d) = -d**2 - 2*d + 1. Calculate y(g).
1
Let z be -12*(2/(-4) + 0). Let g(t) = t - 1. Let b be g(z). Let q(i) be the third derivative of -i**4/12 + 7*i**3/6 - 24*i**2. Give q(b).
-3
Let j(m) = -m + 5*m + 2*m**2 - 4 - 3*m**2. Suppose 0 = 2*f - 3*f + 5. Suppose -y + f*y - 12 = s, 0 = -3*y - 5*s + 32. Determine j(y).
-4
Let u = -14 + 13. Let z(f) = 6*f + 1. What is z(u)?
-5
Let o(a) be the first derivative of a**4/4 - 7*a**3/3 + 7*a**2/2 + 6*a - 3. Give o(6).
12
Let d(k) be the second derivative of -7*k**5/20 - k**4/6 + k**3/3 - k**2/2 + 2*k. Give d(1).
-8
Let d(o) be the second derivative of o**3 + o**2 - 6*o. Let p(h) = -7*h - 3. Let j(y) = -6*d(y) - 4*p(y). What is j(-1)?
8
Let l(x) = x**2 + 6*x - 7. Let o(i) = -6*i**2 - 1. Le